{"version":"1.0","type":"rich","width":"560px","height":"140px","title":"#012 Recap Night of Light und Prolog zur stage223 Deutschland | Wir besuchen die Community & VT Firmen | stage.talk Podcast - Diese Folge entsteht einen Tag bevor es losgeht mit der stage223 Deutschland Tour. Nico & Jan erz\u00e4hlen \u00fcber ihre Eindr\u00fccke der Night of Light und wir haben viel Feedback bekommen welches wir uns in dieser Folge auch widmen werden.","url":"https:\/\/www.stage223.com\/stage-talk\/special-recap-night-of-light-und-prolog-zur-stage223-deutschland-wir-besuchen-die-community-vt-firmen-stage-talk-podcast\/","author_name":"stage talk - Geschichten aus der Veranstaltungswelt! - Veranstaltungstechnik einfach erkl\u00e4rt mit Nico und Jan. Nico und Jan schauen hinter die Kulissen der gro\u00dfen B\u00fchnen und Shows. Nico erz\u00e4hlt einige Geschichten die er als Fachkraft f\u00fcr Veranstaltungstechnik in der Branche t\u00e4glich erlebt. Und Jan als Gesicht von stage223 einem Blog f\u00fcr Veranstaltungstechnik hat auch einiges zu erz\u00e4hlen.  In unseren Podcastfolgen Rund um die Veranstaltunstechnik lassen wir im Interview verschiedene Interviewpartner aus der Welt der Veranstaltungsbranche zur Wort kommen. Diese erz\u00e4hlen uns ihre spannenden Geschichten aus ihrem Alltag.","author_url":"https:\/\/www.stage223.com","thumbnail_url":"https:\/\/www.stage223.com\/wp-content\/uploads\/2021\/11\/13-1.jpg","html":"<iframe width=\"560px\" height=\"140px\" src=\"https:\/\/www.stage223.com\/stage-talk\/special-recap-night-of-light-und-prolog-zur-stage223-deutschland-wir-besuchen-die-community-vt-firmen-stage-talk-podcast\/?standalonePlayer\"><\/iframe>"}

#012 Recap Night of Light und Prolog zur stage223 Deutschland | Wir besuchen die Community & VT Firmen | stage.talk Podcast - Diese Folge entsteht einen Tag bevor es losgeht mit der stage223 Deutschland Tour. Nico & Jan erzählen über ihre Eindrücke der Night of Light und wir haben viel Feedback bekommen welches wir uns in dieser Folge auch widmen werden.

stage talk - Geschichten aus der Veranstaltungswelt! - Veranstaltungstechnik einfach erklärt mit Nico und Jan. Nico und Jan schauen hinter die Kulissen der großen Bühnen und Shows. Nico erzählt einige Geschichten die er als Fachkraft für Veranstaltungstechnik in der Branche täglich erlebt. Und Jan als Gesicht von stage223 einem Blog für Veranstaltungstechnik hat auch einiges zu erzählen.  In unseren Podcastfolgen Rund um die Veranstaltunstechnik lassen wir im Interview verschiedene Interviewpartner aus der Welt der Veranstaltungsbranche zur Wort kommen. Diese erzählen uns ihre spannenden Geschichten aus ihrem Alltag.
